inder when 8529 is divided by 64.
17
What is the remainder when 416912 is divided by 140?
132
What is the remainder when 1043 is divided by 512?
19
What is the remainder when 687434 is divided by 178?
176
What is the remainder when 143279 is divided by 12?
11
What is the remainder when 17663 is divided by 5763?
374
What is the remainder when 16840 is divided by 6?
4
Calculate the remainder when 3638 is divided by 250.
138
Calculate the remainder when 231310 is divided by 48.
46
What is the remainder when 30261 is divided by 171?
165
What is the remainder when 2111 is divided by 48?
47
Calculate the remainder when 146761 is divided by 154.
153
Calculate the remainder when 14572 is divided by 7281.
10
What is the remainder when 286103 is divided by 33?
26
Calculate the remainder when 686 is divided by 315.
56
Calculate the remainder when 16519 is divided by 31.
27
Calculate the remainder when 2133 is divided by 632.
237
What is the remainder when 5430 is divided by 1355?
10
Calculate the remainder when 70573 is divided by 219.
55
What is the remainder when 38626 is divided by 7695?
151
What is the remainder when 6378 is divided by 2094?
96
Calculate the remainder when 402583 is divided by 18.
13
Calculate the remainder when 6222 is divided by 389.
387
What is the remainder when 34085 is divided by 435?
155
What is the remainder when 3199 is divided by 192?
127
What is the remainder when 4923 is divided by 5?
3
What is the remainder when 73344 is divided by 65?
24
Calculate the remainder when 232438 is divided by 10.
8
What is the remainder when 652 is divided by 141?
88
What is the remainder when 273 is divided by 92?
89
What is the remainder when 16398 is divided by 95?
58
What is the remainder when 14524 is divided by 167?
162
What is the remainder when 3007 is divided by 25?
7
Calculate the remainder when 57033 is divided by 815.
798
Calculate the remainder when 34781 is divided by 200.
181
Calculate the remainder when 364678 is divided by 120.
118
What is the remainder when 505800 is divided by 2779?
22
What is the remainder when 1715 is divided by 570?
5
Calculate the remainder when 16454 is divided by 18.
2
What is the remainder when 23252 is divided by 5810?
12
What is the remainder when 79037 is divided by 15807?
2
Calculate the remainder when 117411 is divided by 7338.
3
What is the remainder when 6396 is divided by 228?
12
Calculate the remainder when 633 is divided by 195.
48
Calculate the remainder when 53058 is divided by 857.
781
Calculate the remainder when 66743 is divided by 22239.
26
Calculate the remainder when 291419 is divided by 97135.
14
Calculate the remainder when 3713153 is divided by 21.
17
Calculate the remainder when 4295 is divided by 2.
1
What is the remainder when 595680 is divided by 373?
372
What is the remainder when 5869 is divided by 5847?
22
Calculate the remainder when 15627 is divided by 15594.
33
Calculate the remainder when 34353 is divided by 69.
60
Calculate the remainder when 322723 is divided by 904.
899
What is the remainder when 21941 is divided by 129?
11
What is the remainder when 116168 is divided by 240?
8
Calculate the remainder when 14323 is divided by 19.
16
What is the remainder when 50306 is divided by 1523?
47
Calculate the remainder when 253390 is divided by 84460.
10
What is the remainder when 4730 is divided by 2290?
150
What is the remainder when 8160 is divided by 314?
310
What is the remainder when 54351 is divided by 16?
15
Calculate the remainder when 2483387 is divided by 10.
7
What is the remainder when 8667 is divided by 71?
5
What is the remainder when 3497 is divided by 1?
0
What is the remainder when 218868 is divided by 215?
213
What is the remainder when 201702 is divided by 613?
25
What is the remainder when 113 is divided by 12?
5
What is the remainder when 12263 is divided by 292?
291
Calculate the remainder when 1066520 is divided by 57.
50
Calculate the remainder when 15753 is divided by 12.
9
What is the remainder when 8694 is divided by 4335?
24
What is the remainder when 271751 is divided by 658?
655
What is the remainder when 304 is divided by 274?
30
Calculate the remainder when 295896 is divided by 49311.
30
Calculate the remainder when 967723 is divided by 9.
7
What is the remainder when 36262 is divided by 331?
183
What is the remainder when 26667 is divided by 248?
131
Calculate the remainder when 505759 is divided by 41.
24
Calculate the remainder when 14141 is divided by 4646.
203
What is the remainder when 15125 is divided by 170?
165
Calculate the remainder when 8725 is divided by 83.
10
Calculate the remainder when 65653 is divided by 186.
181
Calculate the remainder when 38383 is divided by 9585.
43
Calculate the remainder when 221450 is divided by 44.
42
Calculate the remainder when 3209 is divided by 55.
19
What is the remainder when 918089 is divided by 15?
14
Calculate the remainder when 1197987 is divided by 783.
780
What is the remainder when 56983 is divided by 17?
16
Calculate the remainder when 34930 is divided by 18.
10
What is the remainder when 12331 is divided by 87?
64
Calculate the remainder when 11521 is divided by 1644.
13
What is the remainder when 113650 is divided by 28?
26
What is the remainder when 291095 is divided by 97?
95
Calculate the remainder when 3816 is divided by 135.
36
Calculate the remainder when 4315 is divided by 1420.
55
Calculate the remainder when 59328 is divided by 8474.
10
Calculate the remainder when 10591 is divided by 342.
331
What is the remainder when 8626 is divided by 169?
7
Calculate the remainder when 810 is divided by 541.
269
What is the remainder when 5533 is divided by 122?
43
Calculate the remainder when 106109 is divided by 283.
267
Calculate the remainder when 13560 is divided by 133.
127
Calculate the remainder when 3758 is divided by 435.
278
Calculate the remainder when 9231 is divided by 18.
15
What is the remainder when 41014 is divided by 132?
94
Calculate the remainder when 24768 is divided by 1014.
432
What is the remainder when 23072 is divided by 86?
24
Calculate the remainder when 11788 is divided by 5.
3
What is the remainder when 145231 is divided by 240?
31
Calculate the remainder when 4631 is divided by 232.
223
Calculate the remainder when 23714 is divided by 17.
16
Calculate the remainder when 2429 is divided by 170.
49
Calculate the remainder when 20580 is divided by 115.
110
Calculate the remainder when 7845 is divided by 109.
106
Calculate the remainder when 77671 is divided by 1107.
181
What is the remainder when 101744 is divided by 105?
104
What is the remainder when 5642 is divided by 130?
52
Calculate the remainder when 58418 is divided by 18.
8
What is the remainder when 441352 is divided by 49038?
10
What is the remainder when 57649 is divided by 1515?
79
What is the remainder when 18268 is divided by 38?
28
What is the remainder when 31861 is divided by 3185?
11
What is the remainder when 837477 is divided by 42?
39
Calculate the remainder when 92943 is divided by 146.
87
What is the remainder when 112763 is divided by 5637?
23
Calculate the remainder when 31715 is divided by 587.
17
Calculate the remainder when 2205 is divided by 1267.
938
What is the remainder when 96483 is divided by 172?
163
Calculate the remainder when 53791 is divided by 23.
17
Calculate the remainder when 17492 is divided by 17481.
11
Calculate the remainder when 108627 is divided by 31.
3
Calculate the remainder when 62134 is divided by 306.
16
What is the remainder when 15927 is divided by 7961?
5
Calculate the remainder when 619478 is divided by 25811.
14
Calculate the remainder when 8944 is divided by 383.
135
What is the remainder when 1800 is divided by 364?
344
What is the remainder when 91620 is divided by 61?
59
Calculate the remainder when 5639 is divided by 1133.
1107
Calculate the remainder when 1899 is divided by 436.
155
Calculate the remainder when 594582 is divided by 84940.
2
What is the remainder when 115571 is divided by 65?
1
Calculate the remainder when 146420 is divided by 87.
86
Calculate the remainder when 7877 is divided by 141.
122
Calculate the remainder when 101895 is divided by 50939.
17
Calculate the remainder when 21256 is divided by 2629.
224
Calculate the r